 = -227 + b. List the prime factors of 1/(((-2)/j)/1).
5, 7
Suppose 42 = -3*m + 147. Suppose 3*p + 4*b = -0*p - 35, 5*p + 2*b = -m. List the prime factors of ((-30)/(-25))/((-2)/p).
3
Suppose 6 = 11*n - 10*n. Let f(d) = d**2 - 3*d - 11. List the prime factors of f(n).
7
What are the prime factors of (2 - -61)/7 - -1238?
29, 43
Let x(y) = 2*y**2 - y + 4. Let g = -7 - -9. Suppose r = 4*o - 8, g*r = r. List the prime factors of x(o).
2, 5
Let u(k) = 74*k - 3. List the prime factors of u(2).
5, 29
Suppose q + q - 14 = 0. Let b = q - -70. List the prime factors of b.
7, 11
Suppose 4*n + 4*g - 1116 = 0, 2*n = 2*g + 3*g + 572. Suppose 5*y - 28 + 3 = 0, 3*c + 4*y = n. List the prime factors of c.
3, 29
List the prime factors of (1742 - (0 + -11)) + 12.
5, 353
List the prime factors of (-22 + 1)*(16 - (-4980)/(-45)).
2, 7, 71
Let g(a) = -7*a + 35. Let y be g(5). Suppose 2*f - 20 - 20 = y. List the prime factors of f.
2, 5
Let g(h) = -h - 4. Let k be g(-5). Let i(d) = -4*d**3 - 15*d**2 + 18*d + 10. Let l(r) = r**3 - 1. Let c(s) = k*i(s) + 5*l(s). List the prime factors of c(14).
61
Let o = -766 + 1182. What are the prime factors of o?
2, 13
Suppose -5*i = -5*g - 20, g + g = i - 7. Let r = g + 2. List the prime factors of r - ((-44 - -3) + 3).
37
Suppose -4*l + 4*t = -9912, -7448 = -14*l + 11*l - 4*t. List the prime factors of l.
2, 5, 31
Let q = 7 - 2. Suppose u = -0*u - 3*m + 73, q*u - 3*m = 293. List the prime factors of u.
61
Suppose 0 = 4*j - 6 - 6. Suppose m + z = 18 - 5, m + j*z = 13. Suppose -2*l + 1 - m = 5*c, 3*c = -l - 8. List the prime factors of l.
2
Let u be ((-3)/(-2) + -2)*-10. Suppose -6*v + 5*a - 6 = -u*v, 4*v + 24 = 5*a. List the prime factors of (1 + 25)*(-9)/v.
3, 13
Let y = -815 + 1941. List the prime factors of y.
2, 563
Let s = -768 + 2230. List the prime factors of s.
2, 17, 43
What are the prime factors of (3854 - -100) + (-1 - 1)?
2, 13, 19
Suppose -20 = -6*t - 2. What are the prime factors of 9/t + (61 - -1)?
5, 13
Suppose -10*x = -12*x + 4. Suppose -65 = -q + 2*y + 11, x*q = -4*y + 120. What are the prime factors of q?
2, 17
Let v(z) be the first derivative of -z**4/4 - 3*z**3 - 7*z**2/2 + 10*z - 8. List the prime factors of v(-8).
2
Suppose d + 1 = 5*g, -17 = -4*d - 5*g + 4. Suppose d*s - 5*s + 197 = 0. Let w = s - 127. What are the prime factors of w?
2, 5, 7
Suppose -17*q = -13*q + 72. List the prime factors of (-868)/q - (-8)/(-36).
2, 3
Suppose f + 2*k + 5 = -2*k, 0 = -k - 3. Suppose -312 = 3*w - f*w. What are the prime factors of w?
2, 3, 13
Let f be (-10)/45 - (-886)/18. Suppose 3*p + 117 = 3*d, 2*p - f = -d - 2*p. Suppose 64 = 3*h - d. List the prime factors of h.
5, 7
Let m be (1 - 4/4)*-1. Suppose -3*y + 2*y + 2*b + 18 = m, -16 = -y + 3*b. What are the prime factors of y?
2, 11
Let u(x) be the third derivative of 5/3*x**3 - 1/4*x**4 + 0*x - 5*x**2 + 1/60*x**5 + 0. What are the prime factors of u(8)?
2, 13
Let m = -29 - -33. Suppose 4*d + 23 = 5*x, -3*x = -2*d + d - 11. List the prime factors of (d + 0)/2 + m.
3
Suppose -5*k + o + 289 = 0, 2*o + 0*o + 8 = 0. Suppose 54*r + 219 = k*r. What are the prime factors of r?
73
Let a = -3272 + 6313. List the prime factors of a.
3041
Let a = 68 - -8. List the prime factors of a.
2, 19
Let g = -110 + 101. List the prime factors of 3/((-6)/(-664)) + 18/g.
2, 3, 5, 11
Let x(k) be the third derivative of -5*k**4/12 + 3*k**3 + 6*k**2. What are the prime factors of x(-9)?
2, 3
Let p be 52/8*(-4)/2. Let q = p - -22. Suppose -q*d = -13*d + 100. What are the prime factors of d?
5
Suppose 2 - 7 = -x. Suppose -4 - 141 = -x*u. Suppose -2*f + u = -21. What are the prime factors of f?
5
Let a(t) = -7*t + 37. Let d be a(-6). Let l = d - 23. List the prime factors of l.
2, 7
Let o(z) = -2*z**2 - z - 115. Let q be o(0). Let k = 233 + q. List the prime factors of k.
2, 59
What are the prime factors of 66630/24 + -1 - 7/28?
3, 5, 37
Let w be -5*(-12)/10*(-8)/(-12). What are the prime factors of (w - 1)*(1 + 90)?
3, 7, 13
Let q(k) = 16*k**2 + 5*k - 7. Let y be q(3). Let m = -65 + y. What are the prime factors of m?
3, 29
Suppose 0 = 4*d - 21 - 7. Suppose -d*u + 5*u = -284. What are the prime factors of u?
2, 71
Let q be ((-1856)/3)/(3/18). What are the prime factors of (-1)/(-5) + q/(-40)?
3, 31
Let y(n) = n**2 - 5*n - 2. Suppose 0 = 4*m + 3*r - 32, 3*m - r - 6 - 5 = 0. Let c be y(m). Let l = 13 - c. List the prime factors of l.
3, 5
Let b = 17 + -23. List the prime factors of b/2 + 3 + 5.
5
Let l(q) = -q - 8. Let i be l(9). Let k = 5 - i. Suppose 3*a - 56 = a + 2*t, -t = a - k. What are the prime factors of a?
5
Let z = 74 - 69. Suppose 4*c - z*o - 511 = 0, -5*c + 0*c = -2*o - 660. List the prime factors of c.
2, 67
Let g(m) = m**2 + 4*m - 3. Let a be g(2). Suppose -2*z - 192 = -6*z. Let p = z - a. List the prime factors of p.
3, 13
Let m = 19 - 19. Suppose -3*c - c = -5*o - 176, m = -5*c - 5*o + 220. List the prime factors of c.
2, 11
Let b(o) = o - 12. Let a be b(17). Suppose -q = -a*q - 24. Let n = q - -16. List the prime factors of n.
2, 5
Suppose 0 = 5*u - 5*t + 795, -4*t - 6 = -t. Let l = -47 - u. What are the prime factors of l?
2, 3, 19
Let m be -1 + 3*-5 + 1. Let u be (-8)/(-10) - (-1212)/m. Let w = -38 - u. List the prime factors of w.
2, 3, 7
Let u = -1151 - -2044. What are the prime factors of u?
19, 47
Let l = 16 - 16. Suppose 2*t - 37 - 11 = l. What are the prime factors of t?
2, 3
Let z(g) = 17*g**2 + 8*g + 14. Suppose -7*f - 24 = -f. What are the prime factors of z(f)?
2, 127
Let i(v) = -v**2 - 13*v - 6. Let j be i(-7). Suppose 3*p - j = 5*p. Let w = 6 - p. List the prime factors of w.
2, 3
Suppose 0 = -39*x + 152 + 784. Let u be (6 - -3) + (1 - 0). Let s = x - u. List the prime factors of s.
2, 7
Let k = 30 - 21. Suppose 4*t = k*t - 445. What are the prime factors of t?
89
Let k(m) = m**2 + 7*m + 2. Let s be k(-6). Suppose -u - 3*i = -5*u - 2, -2*u = -3*i + 4. List the prime factors of 3 + u + 18 + s.
2, 3
Let s(f) = -f**3 - 8*f**2 + f + 2. Let i be s(-8). Let c = 11 + i. List the prime factors of 17 + -2 + c + 2.
2, 11
Let t(c) = -c**2 + 15*c - 12. Let y be t(11). Suppose -27*s - 295 = -y*s. What are the prime factors of s?
59
Let a(m) = -m**3 + 22*m**2 - m + 19. Let y be a(22). List the prime factors of ((-11)/(-3))/(y/(-9)).
11
Let z be 36/24*1/3*-12. What are the prime factors of (-306)/((27/z)/3)?
2, 3, 17
Suppose 2*t - 2098 = 2*z, 5245 = 19*t - 14*t + 5*z. What are the prime factors of t?
1049
Suppose -5*j + 42 = -8. Let a = j - 8. What are the prime factors of 11/a - (-2)/4?
2, 3
Let f(m) = 14*m**2 + 16*m + 12. What are the prime factors of f(-5)?
2, 3, 47
Let o(i) = 16*i**2 - 8*i. What are the prime factors of o(-4)?
2, 3
Let v = 1047 - -413. List the prime factors of v.
2, 5, 73
Let i be (-6)/(26/(-12) + 2). Let n = i - -167. Suppose 3*v = 6, -8*v + 4*v + n = 5*q. List the prime factors of q.
3, 13
Let o be 9 - (11/(-22))/((-1)/(-4)). Suppose 6*a = o*a - 235. List the prime factors of a.
47
Let w(d) = 279*d + 154. List the prime factors of w(4).
2, 5, 127
Suppose -4*d - 281 - 2271 = -2*w, 3*w + 3*d - 3864 = 0. List the prime factors of w.
2, 3, 107
Let v = 564 + 1109. What are the prime factors of v?
7, 239
Let a be ((-35)/3 - 1)*(-6 + -3). Let b = a + -66. What are the prime factors of b?
2, 3
Suppose k + 2*f = 7*f + 30, -k = 4*f + 6. Suppose -k*b + 528 = b. List the prime factors of b.
2, 3
Let o(l) = 107*l - 5. Let n be o(2). Let m = n + -123. What are the prime factors of m?
2, 43
Let t be 6 + 16/(4/(-1)). Suppose a + 3 = t*a. Suppose -2*l + 65 = -3*m, -156 = -5*l + a*m - 7. List the prime factors of l.
2, 7
Let h be (-10)/(-35) - (-36)/21. Suppose h*v + 64 = 6*v. Let n = 19 - v. What are the prime factors of n?
3
Suppose n = -3*n + 12. Let g be (-14 - -7)*(-9)/n. Suppose 2*v - g = -a - 2*v, -v = 2*a - 56. List the prime factors of a.
29
What are the prime factors of (-48)/(-84) - (-1613)/7?
3, 7, 11
List the prime factors of (-3012)/(-2 + -1) + -4 + 3.
17, 59
Let n(o) = -o**3 - o**2 - o - 1. Let p(h) = -2*h**3 - 2*h**2 - h - 2. Let q(c) = 5*n(c) - 2*p(c). What are the prime factors of q(-2)?
3
Let a(u) = 42*u**3 - u**2 - 12*u + 24. List the prime factors of a(3).
3, 7, 53
What are the prime factors of (3 - 178/4)/(3/(-18))?
3, 83
Let q = 122 - -65. What are th